be s(l). What is the units digit of (-21)/14 + z/(-2)?
7
Suppose -6*l = 3*l. Suppose 5*s - 401 = 4*d + 280, l = -2*s - 4*d + 250. What is the units digit of s?
3
Let a(r) = -r**2 + 40*r + 58. Let p be a(24). Suppose 3*z = p - 43. What is the units digit of z?
3
Let o = -74 - 53. Let s = o - -189. What is the tens digit of s?
6
Suppose c = -3*r + 241, 4*r - 8*r = c - 236. What is the hundreds digit of c?
2
Suppose 15*c - 44586 = 21324. What is the hundreds digit of c?
3
Let l = 9 + -15. Let g = 4 - l. Let n(q) = 3*q - 6. What is the units digit of n(g)?
4
Suppose 20*a = 25*a - 7560. Suppose -a = -13*w + 750. What is the units digit of w?
4
Suppose 5*n - 3*v = 9070, -n = -25*v + 30*v - 1842. What is the units digit of n?
7
Let b = 1 + 6. Suppose 0 = 3*u - b*u. What is the units digit of -7 + 25 + (-3 - u)?
5
Let a(g) = -g**3 - 10*g**2 - 2*g - 13. Let k be a(-10). Suppose k*f - 4*f = 102. What is the units digit of f?
4
Suppose 0 = -v + 3 + 2. Let n(j) = 2*j - 5. Let c be n(v). Let g(y) = y**2 - 4*y + 3. What is the units digit of g(c)?
8
Let r(v) = -4*v - 3*v**2 + 7*v + 2*v**3 - v**3 - 2*v**3. Let t be r(-6). What is the tens digit of (-874)/(-30) - 12/t?
2
Let u(j) = 11*j + 224. What is the tens digit of u(-7)?
4
Suppose -36 = -2*w - 2*w - 4*m, -4*w + 16 = -m. Suppose w*n + 920 = 5*s, -4*n - 388 = -2*n + 2*s. What is the units digit of (-4)/3*n/18?
4
Suppose 3*a - 45 = -5*c - 2*a, -5*a + 25 = c. Suppose -10 - 38 = -3*l. Let b = l + c. What is the units digit of b?
1
Let o(a) = -a**3 - 4*a**2 + 11*a - 2. Let j be o(-6). Suppose -3*l + 414 = -3*w, -417 = -2*l - l + j*w. What is the tens digit of l?
3
Let l(y) = 2*y**3 - 8*y**2 + 7*y + 3. What is the units digit of l(13)?
6
Suppose 5*c = 14 + 11. Suppose -470 = -5*u - 5*y, 0*u - 82 = -u + c*y. Suppose 5*w + u = 4*x, -x + 23 = w + w. What is the units digit of x?
3
Let b(u) = 5*u**2 - 26*u + 15. Let o be 8/(-2 + (-40)/(-15)) - 2. What is the hundreds digit of b(o)?
2
Let l(m) = -5*m + 25. Let w be 5*(1/(-2)*-4 - 5). What is the hundreds digit of l(w)?
1
Let a = 73 - 117. Let c = 105 + a. What is the tens digit of c?
6
Let a = -35 - -57. Suppose -i = -5*b + b - a, 4*i + 7 = -3*b. Suppose -2*g - i*g = -28. What is the units digit of g?
7
Let u(t) = -t**3 - 2*t**2 + 11 - 4*t - 7*t**2 + t**2 + t**2. What is the hundreds digit of u(-8)?
1
Let k(x) = 17*x**2 - 20*x + 73. What is the thousands digit of k(8)?
1
Let d = 3002 - 1213. What is the units digit of d?
9
Suppose -2 = -l + 5*q - 6, 3*l = 3*q + 12. Let v be 27 + (l/(-1) - -3). Let n = 56 - v. What is the units digit of n?
2
Let z = -105 - -100. Let a(p) be the second derivative of p**4/6 + p**3/2 - 9*p**2/2 + p. What is the tens digit of a(z)?
2
Let q = -9 + 9. Suppose 4*u + f - 9 = q, -u - 2 = 2*f - 6. Suppose 5*h - 4*z = 133, 0 = -h + 2*h - u*z - 23. What is the units digit of h?
9
Suppose 4852 + 632 = 12*l. What is the units digit of l?
7
Suppose -178 = 3*r - 31. Let u be 0 + -29 + (-4 - (-4)/4). Let l = u - r. What is the units digit of l?
7
Let o = -224 + 399. What is the tens digit of o?
7
Suppose -2*t = -6*t. Suppose -b + 5*b - s - 344 = t, 3*b - 241 = 5*s. What is the tens digit of b?
8
Let z(r) = 7*r**2 + 4*r + 5. Let v(m) = -m**2 + m - 1. Let i(h) = -3*v(h) + z(h). What is the tens digit of i(-5)?
5
Let r(j) = 18*j**2 + 5*j - 6. What is the tens digit of r(-6)?
1
Let b(c) = 3*c**2 - 2*c**2 - c**3 + 5*c + 0 - 1. Suppose -8 = p + a, -p - 5*a - 42 = -18. What is the units digit of b(p)?
9
What is the tens digit of 2/(-6 - (-1700)/283)?
8
Let f = 24 - 24. Suppose 4*r - 85 - 11 = 0. Suppose 5 = -5*w, f*d - 3*w = -d + r. What is the units digit of d?
1
Let a = 54 - 52. Suppose 3*z = -t + 85, 5*t = a*t - 2*z + 262. What is the tens digit of t?
8
Let x = -32 + 287. Suppose 3*a + 4*o - x = 68, 0 = -3*a + 3*o + 309. What is the tens digit of a?
0
Let y(m) = 148*m + 16. Let i(s) = s - 1. Let t(v) = 5*i(v) + y(v). Let a be t(-10). What is the tens digit of a/(-42) - (-3)/(-18)?
3
Let i(k) = -k + 13. Let s be i(-11). What is the tens digit of ((-708)/s)/(1/(-2))?
5
Let w be (9/6)/((-12)/(-8032)). Suppose -3*z - w = -7*z. What is the tens digit of z?
5
Let m(n) = 3*n - 8*n + 0 + 2. Let k be m(-6). Suppose -3*y = -y - k. What is the units digit of y?
6
Let m be (49 + 0)*2/7*6. Suppose 8*p = 4*p + m. What is the units digit of p?
1
Suppose -3*s = -449 - 10. Suppose 16*q - s = 13*q. What is the tens digit of q?
5
Suppose -2*s + d + d = -6, 4*s + d - 37 = 0. What is the tens digit of -2*202/s*(-10 - -8)?
0
Let j = 470 - 280. What is the units digit of j?
0
Suppose -3*k - 5*l + 5 = -4, 4*k + l = 12. Suppose q + q - 145 = k*v, -385 = -5*q + 3*v. What is the units digit of q?
0
Suppose 4*p - 5*z = 111, 5*z = -2*p + z + 36. Let d(c) = -3*c - 3. Let k be d(-2). Suppose -18 = -k*i + p. What is the tens digit of i?
1
Let b = -695 + 721. What is the tens digit of b?
2
Let l(k) = k**3 - 8*k + 3. Let i(j) = -j - 5. Let g be i(-8). Let p be l(g). What is the tens digit of (46/(-5))/(p/(-15))?
2
Let x(b) = -108*b + 2. Let l be x(-1). Suppose -3*w = -40 - l. What is the tens digit of w?
5
Suppose -46*b + 47*b - 547 = 0. What is the hundreds digit of b?
5
Let b be 2/1*(-344)/(-16). Suppose i - b = -0*i. What is the units digit of i?
3
Let h(g) be the third derivative of g**5/60 - g**4/3 - 5*g**3/3 - 101*g**2. Let l be (-2)/(-6) + 58/6. What is the units digit of h(l)?
0
What is the units digit of (7/(7/36))/((-9)/(-78))?
2
Suppose 5*r - 29 = 106. Let q = 67 + r. Suppose q = 3*t - t. What is the units digit of t?
7
Let a(h) = -15*h**3 + 6*h**2 + 9*h + 9. What is the units digit of a(-3)?
1
Suppose 0 = 2*g - 2934 + 342. What is the hundreds digit of g?
2
Suppose -4*h + h + 81 = 0. Suppose -12 = s - 6. Let r = h + s. What is the units digit of r?
1
Let h(j) = 5*j - 5. Let d be h(5). Let n be (-6)/4*d/(-6). Suppose -3*a = -n*a + 20. What is the tens digit of a?
1
Let m(s) = -4 + 1 - 15*s + 0 - 10*s. What is the tens digit of m(-1)?
2
Let b(i) = -i**3 - i**2 - 4*i - 7. Let t(q) = -q - 12. Suppose 0*v + 51 = -4*v + 5*u, -v - 21 = -4*u. Let x be t(v). What is the tens digit of b(x)?
2
Let t be (-78)/5 - 18/45. Let n = t + 189. What is the units digit of n?
3
Let u(n) = 3*n**3 + 23*n**2 + 7. What is the hundreds digit of u(-7)?
1
Let g be -1 + -2 + 2 + 6. Suppose -z + 12 = -4*w, 2*z + 0*w = -g*w + 11. What is the units digit of 2/((20/z)/5)?
4
Let b(k) = -19*k**3 + k + 46*k**3 + 0*k - k**2. Suppose -3*j + y + 0*y + 5 = 0, 5*j + 3 = -4*y. What is the tens digit of b(j)?
2
Suppose -29 + 0 = -h. Let l = h - -19. What is the tens digit of l?
4
Let d = 9 + -1. Let f(k) = 2*k**2 - 5*k + 5. Let w be f(d). Suppose -4*g - 17 = -w. What is the units digit of g?
9
Let c be 9/6*(-4 - -8 - 2). Suppose 0 = 7*q - c*q - 5*r - 729, -5*r - 915 = -5*q. What is the units digit of q?
6
What is the units digit of (8025/50)/(1/2)?
1
Let l(q) = q**2 - 19 - q - 19 + 19 + 0*q. What is the units digit of l(11)?
1
Let k(m) = -35*m + 10. What is the tens digit of k(-7)?
5
Let n(q) be the second derivative of q**3/6 + 39*q**2/2 - 16*q. What is the tens digit of n(0)?
3
Let u be ((-90)/35)/(1/7). Let a be 7 + -1 - u/(-6). Suppose 3*i + i - a*r = 65, i + 1 = -5*r. What is the tens digit of i?
1
Let s = -27 + 69. Suppose 4*k = -2*k + s. What is the units digit of k?
7
Suppose -4*c - 21 = -c. Let s = 12 + c. Suppose -11 = -s*n + 79. What is the units digit of n?
8
Suppose -25*m + 6125 = -20*m + 3*j, 6100 = 5*m - 2*j. What is the thousands digit of m?
1
What is the tens digit of (-2)/(12 - (-761462)/(-63453))?
8
Suppose -3*v - 727 = -2*f, 5*v + 0 = -5. What is the hundreds digit of f?
3
Let r = 12 - 11. Let u be 7 + (-3 - 0/r). Suppose 18 = u*z - 34. What is the tens digit of z?
1
Let p = 19 - 16. Let c be p*(-5 + 2)*-5. Suppose -y = -c + 4. What is the tens digit of y?
4
Let a(w) = -w**3 - 4*w**2 - 3*w + 3. Let c be a(-3). Suppose 0*x - 2*x = -10, 0 = -2*s + 4*x - 24. What is the units digit of 135/3 - (s + c)?
4
What is the tens digit of -2593*(-4)/16 - 39/(-52)?
4
Let k(s) = s**2 + s - 2. Let m(r) = 4*r + 18. Let l be m(-6). What is the units digit of k(l)?
8
Let q(k) be the second derivative of k**6/180 - 7*k**5/120 + 2*k**4/3 + 4*k. Let f(y) be the third derivative of q(y). What is the tens digit of f(6